120*g**6 + 13*g**2 + 0 + 3/2*g**3. Give a(6).
-9
Let r(y) = -y - 11. Let q = 61 - 60. Let i be q/(-4) - (6/(-24) - 0). Calculate r(i).
-11
Let u(i) = -i**3 + 17*i**2 + 108*i - 965. Let s be u(20). Let g(c) = -c**3 - 7*c**2 - 4*c - 9. Determine g(s).
-39
Let b(y) be the first derivative of -3*y**3/2 + y**2 + 15*y - 57. Let j(x) be the first derivative of b(x). Give j(1).
-7
Let i(o) be the second derivative of o**5/20 - 7*o**4/4 - 8*o**3 + 49*o**2/2 + 7078*o. Determine i(23).
3
Let j(k) be the second derivative of -k**5/20 + k**4/12 - 3*k**2/2 - 4407*k - 1. Let u be ((2 - -1) + -13)/(-2). Let a be 3 + (2 - u/1). Calculate j(a).
-3
Let c(l) be the second derivative of -l**4/12 + 3*l**3/2 - 9*l**2/2 + 158*l. Suppose -4*o + d + 22 = -d, -2*o - d + 21 = 0. What is c(o)?
-1
Let w be ((-15)/10 - -3)/(21/(-14)). Let p(n) = -57*n**2 - 2*n - 1. Give p(w).
-56
Let r(c) = 113*c**2 + 2 - 3 - 49*c**2 + 3 - 51*c**2 + 3*c. What is r(-1)?
12
Let i(r) = -r**2 - 7*r + 2. Let y be i(-7). Let t(l) be the second derivative of -l**4/4 + l**3/6 - 4775*l - 3. Give t(y).
-10
Suppose 10*k - 35 = 6*k + 5*z, 2*z = 5*k - 65. Let g(u) = -2*u + 30. Determine g(k).
0
Let n(l) = l**2 + 2. Let s(u) be the third derivative of u**5/12 + u**4/3 + 3*u**3 - 31*u**2. Let p(d) = -4*n(d) + s(d). Give p(-7).
3
Suppose 6*f - 70 + 52 = 0. Let c(v) = 12 - 3*v + 29 - v + 8*v**2 + v**f - 33 - 3*v. Determine c(-9).
-10
Let x(c) = -c**3 + 3*c**2 + 2*c + 1. Let d = 24 - -2. Let s = d + -41. Let q = -11 - s. What is x(q)?
-7
Let c(f) be the second derivative of f**4/12 - f**3/6 + f**2/2 - 5*f. Suppose -5*m = -14*m - 19*m. Determine c(m).
1
Let z(p) = 5*p**3 + 4*p**2 - p - 16. Let w(h) = -4*h**3 - 4*h**2 + 2*h + 13. Let m(k) = -4*w(k) - 3*z(k). Let f be (-4)/(-2)*1*(-6 + 4). Determine m(f).
16
Let y(i) = 3*i**3 + 31*i + 4. Let b(o) = o**3 - o**2 + 10*o + 1. Let a(t) = -11*b(t) + 4*y(t). Let l(k) = k**2 + 5*k - 10. Let m be l(0). Give a(m).
-35
Let m(g) = 37*g**3 - 9*g**2 + 3. Let i(w) = 111*w**3 - 31*w**2 + 10. Let b(l) = 2*i(l) - 7*m(l). What is b(1)?
-37
Let a(m) = -m**2 - 4*m. Let f(b) = -b**3 - 41*b**2 + 140*b + 354. Let v be f(-44). Calculate a(v).
-12
Suppose 0 = 22*i + 332 - 2246. Suppose -t = 28*t + i. Let j(m) = -m**3 - m**2 + 3*m - 3. Determine j(t).
6
Let t = 8730 + -8736. Let m(w) = -6 + 4*w**3 + 5*w**2 - 3*w**3 + 0 - 9*w. What is m(t)?
12
Let y(u) = -u**2 - 2*u. Suppose 5*j = -5*w + 3*j - 60, -45 = 5*w - j. Let c be (w + 8)*1 - 0/1. Calculate y(c).
0
Let r be (5*(-7)/(-14))/((-1)/(-2)). Let h(n) = 2*n**2 - 11*n + 11. Let l be h(r). Suppose -6*y + l = 24. Let z(v) = v**3 + 4*v**2 - 1. Give z(y).
8
Let t(p) = -2*p**2 - 7*p - 6. Suppose 2 = j - k, 6*j - 9*j = 2*k - 26. Let q(g) = -2*g**2 + 14*g - 16. Let s be q(j). Calculate t(s).
-10
Suppose 4*g - 591 = -f, 2*f - 300 = g - 3*g. Let t(b) = -142*b - g*b + 288*b - 6. Let w = 16 + -22. What is t(w)?
0
Let s = 534 - 530. Let f(u) = 4 + 2 - 1 - 95*u + 94*u. What is f(s)?
1
Let s(b) = b**3 - 6*b**2 + 4*b + 8. Let p be -4*((-35)/14 + -6). Suppose -p*x - 235 = -81*x. Give s(x).
3
Let u(b) = -b**3 - 5*b**2 + 4*b + 8. Let o(h) = -5*h**3 + 2*h**2 - h - 1. Let l be o(1). What is u(l)?
-12
Let q(u) = u**2 + 3*u + 5. Let x(l) = 5*l**2 + 16*l + 25. Let c(v) = 11*q(v) - 2*x(v). Suppose -7*b - 87 = 20*b - 56*b. Determine c(b).
17
Let l(h) = -8*h**2 - 5*h - 2. Let u(j) = 7*j**2 + 5*j + 2. Let x(b) = -5*l(b) - 6*u(b). Let o(q) = -q - 3. Let g = -66 - -66. Let k be o(g). Calculate x(k).
-5
Let u(x) be the first derivative of -5*x + 93 + 3/2*x**2. Give u(5).
10
Let t(o) = -2*o**2 + o + 5. Let g = -4810 - -4808. Determine t(g).
-5
Let k(a) = a**3 - 7*a**2 + 5*a + 6. Let p(v) = 6*v - 12. Suppose -6*b - 24 = -10*b. Suppose 6 = 4*w - b. Let j be p(w). Calculate k(j).
0
Let k(z) = z. Let p(v) = 8*v - 4. Let g(a) = 18*k(a) - 2*p(a). Suppose -22 = h - 3*f, 17*f - 18*f = 5*h + 46. Calculate g(h).
-12
Let l(v) be the third derivative of 1/3*v**3 + 6*v**2 + 0 - 1/24*v**4 + 0*v. Suppose 10 = 3*m + 25. Give l(m).
7
Let t(a) = -a**2 + 4*a + 2. Let m = 32 + -54. Let d = 362 - 336. Let g = d + m. Determine t(g).
2
Let q(j) = j**3 + 9*j**2 + 15*j - 11. Let w be (320/48)/(3 + 1)*(-3)/1. Calculate q(w).
14
Let y(q) = 25 + 339*q**2 + 31 + 7 - 20*q + 72 - 342*q**2. Give y(-11).
-8
Let v be 36840/520 - (-2)/13. Let k(i) = -70 - 8*i + v + i**2 + 7*i. Suppose 3*p = -f + 11, 4*p - 3*f + 21 = 7*p. Calculate k(p).
3
Let x(t) = 10*t. Let w(q) = 19*q - 95. Let p be w(-16). Let f = -398 - p. Determine x(f).
10
Let i be (8/5 - (-322)/230)/(6/(-28)). Let k(o) = o**3 + 14*o**2 - o + 18. What is k(i)?
32
Let f be (-6)/48*(-11 - 13). Let q(l) = l**2 - 7*l + 1. Give q(f).
-11
Let b(y) be the third derivative of -y**5/60 + 7*y**4/24 + 23*y**3/6 + 6*y**2 + 138. Give b(11).
-21
Suppose s = -2*s - 12. Let t(x) = x**3 - 4*x**2 + x - 1. Let a be t(4). Let v(r) = 6 - 14*r**a + 13*r**3 - 3*r**2 - 6*r + 10*r. Calculate v(s).
6
Let w(x) = -316*x - 130. Let m(k) = -99*k - 42. Let y(c) = 16*m(c) - 5*w(c). What is y(-9)?
14
Let f(h) be the first derivative of 2*h**2 - 1483. Let w(d) = d - 5. Let g be w(4). Calculate f(g).
-4
Let f = -333 + 337. Let r(t) = -f - t**2 - 97*t + 101*t + 0. Give r(7).
-25
Let n(v) be the second derivative of -v**7/840 + v**4/24 - 62*v**3/3 - 2*v - 8. Let q(k) be the second derivative of n(k). Determine q(-1).
2
Let s be (-1 - 1)/((-6)/45) + 3. Let q = s + -21. Let p(u) = 2*u**2 - 2*u + 4. Let h(w) = -w**2 - 1. Let y(m) = q*h(m) - p(m). What is y(2)?
7
Let d = 40 - 37. Let b(p) = 27*p - 27*p + 10 - p**d. Suppose 2*u + 4*o - 8 = 0, 4*u - o = 3*u - 2. What is b(u)?
10
Let o(u) = -u**2 - 2*u + 1. Let m = -3321 + 3321. Give o(m).
1
Suppose 58*a + 6 = 52*a. Let d(o) = -11*o**2 - 5*o - 4. What is d(a)?
-10
Let y(l) = -l**2 - 5*l + 4. Let z(x) = -x**2 - 17*x - 18. Let f be ((-12)/8)/(3/30). Let d be z(f). Suppose 15*o = 13*o - d. Calculate y(o).
-2
Let z be (-1172)/42 - ((-195)/(-63) - 3). Let d(h) = -4*h**2 - 111*h + 31. Give d(z).
3
Suppose 4 - 2 = 2*v. Let s(z) = -z**2 - z - 1. Let q(a) be the first derivative of 4*a**3/3 + a**2/2 + 905. Let r(k) = v*q(k) + s(k). Calculate r(1).
2
Let a(j) = j + 9 + 9 - 5. Suppose s + 162*h - 165*h = -1, 2*h - 24 = 4*s. Calculate a(s).
6
Suppose 2*v + k + 2 = 0, -4*v - 4*k = -0*v. Let h = -5 + v. Let m(g) be the first derivative of g**2/2 + 3*g + 79. Determine m(h).
-4
Let h(n) = 44*n - 87 + 247 - 80 - 83. What is h(-1)?
-47
Let b(t) = -22*t - 46*t**2 + 14*t**2 + 11*t**2 + 5*t**2 + 20*t**2. Give b(6).
12
Suppose -8*l - 304 = -24*l. Suppose 0 = -2*o + d + l, 2*d + 34 = 5*o - 15. Let u(h) = 2*h - 18. Calculate u(o).
4
Let l(x) be the second derivative of x**4/12 - x**3/6 - 9*x**2 + 21*x. Let t be l(-4). Let z be -2 + 6*t/6. Let i(f) = -f**3 - f**2 - f - 11. Calculate i(z).
-11
Suppose 5*w - 5*y = 40, 4*w - 3*y + 187 - 212 = 0. Let h(j) = 8*j**2 + 5*j - 5. What is h(w)?
8
Suppose 12*j - 14*j + 18 = 0. Suppose f - 4*p = -2*p - j, 4*f + 26 = 3*p. Let a(t) = -t + 4. Calculate a(f).
9
Let m(o) = o**3 - 10*o**2 + 12. Suppose -5*t + 5*i = -25, -2*t = i - 22 - 3. Let j be m(t). Let u(q) = -2*q + 10*q - q**2 - q + j. Calculate u(9).
-6
Let l(r) = r**2 - r + 36. Let u be ((-6)/(-16)*-2)/((-3)/(-1896)). Let k = u - -474. Determine l(k).
36
Let f(q) = 77*q**2 - 65*q + 103. Let o(t) = 13*t**2 - 11*t + 17. Let i(u) = 3*f(u) - 17*o(u). What is i(3)?
86
Let u = 1 - -1. Let z(x) = -2*x + 2*x - x + u. Suppose 186 = 254*q - 27*q + 640. Determine z(q).
4
Let l(g) = 57*g - 807. Let c(a) = 16*a - 227. Let z(p) = -18*c(p) + 5*l(p). Calculate z(0).
51
Let b = 13950 - 13929. Let i(q) = -q**3 + 22*q**2 - 24*q + 61. Give i(b).
-2
Let y be (-13)/2 - 5*4/40. Let x be y*(-10)/15 + (-4)/6. Suppose -4*g - 6 = -i, 0 = x*g + 2 + 10. Let u(v) = -v. Give u(i).
6
Let c(z) = -218 - 35*z - 201 - 186 + 389. Determine c(-6).
-6
Let v(s) = -558*s - 15*s**2 + 570*s + 3*s**2 - 9*s**3 + 10*s**3 - 18. What is v(10)?
-98
Let p = 4 + 7. Let b be p - (32/(-8) - (-1 - 0)). Suppose 3*x = -11 + b. Let j(m) = 9*m**3 + m**2 - 1. Give j(x).
9
Let w(y) = y**3 - 7*y**2 - 10*y - 7. Suppose -3*c - 35 = -8*c. Suppose -c*d + 55 = -2*d + 5*i, -i = -3. Calculate w(d).
-23
Let m(a) be the first derivative of a**4/4 - a**3 - 8*a - 2873. Calculate m(4).
8
Let v be -3*((-42)/(-9) - 1). Let r(a) = -66722*a - 667